g**2 + 1/24*g**4 + a + 0*g. Determine u(6).
0
Let i(v) = 0*v**3 + 409*v**2 + 10 - 417*v**2 - 16*v - v**3 + 9*v. Determine i(-7).
10
Let s be 0*5/10 + -5. Let n(j) be the first derivative of -j**4/24 + j**3/6 + 3*j**2/2 - 2. Let f(m) be the second derivative of n(m). Determine f(s).
6
Suppose 385*w - 383*w + 16 = 0. Let s(o) = 4*o + 3. Calculate s(w).
-29
Let t(x) = -5*x**2 - 2*x + 2. Let k = 25 + -27. Give t(k).
-14
Let t(p) = p**3 + 2*p**2 - 3*p - 2. Suppose y - 247 + 249 = 0. Give t(y).
4
Let a(j) be the first derivative of j**3/3 + 7*j**2 + 6*j + 8. Let w be a(-13). Let g(q) = -q**3 - 6*q**2 + 8*q - 5. Determine g(w).
-12
Let o(i) = i**3 + 16*i**2 - 11*i + 112. Let c be o(-17). Let m(b) = b**3 - 11*b**2 + 12*b - 23. Determine m(c).
-3
Let j(i) = i**2 - 5*i - 2. Suppose 0 = -m + 4*f - 7, -m + 5*f = 4*f - 2. Suppose m*z = 51 + 39. Let x = z - 14. Determine j(x).
-6
Let r = 585 - 583. Let m(j) be the third derivative of j**r + 0*j + 1/3*j**3 + 1/60*j**5 + 0 - 5/24*j**4. Determine m(6).
8
Let p(g) = 14*g**3 - 14*g**2 + 3*g - 2. Let w(f) = -11*f**3 + 12*f**2 - 3*f + 3. Let r(n) = -4*p(n) - 5*w(n). Determine r(-5).
3
Let h(x) be the third derivative of x**6/120 - x**5/15 + x**4/8 + x**3/2 + 2*x**2 - 64*x. Let a = -2 - -5. Calculate h(a).
3
Let k(h) be the third derivative of h**5/30 + h**4/12 + h**3/6 - 14*h**2. Suppose 0 = -5*a + 8 + 2. Calculate k(a).
13
Let v = -97 - -97. Suppose 5*x + 20 - 30 = v. Let l(h) = h**3 - 2*h**2 - h + 2. Calculate l(x).
0
Suppose -14 + 34 = 5*g. Let d(n) = -1 + g*n + 1 + 2. Calculate d(-2).
-6
Let g(d) = -6*d + 5 + d**2 + 2*d**2 + 2*d**2 - 4*d**2. Suppose 5*i + 8 = 4*w + 22, 0 = -2*i + 3*w. Determine g(i).
5
Suppose -5*t - 5 = 5*y - 8*y, 2 = 2*y - 3*t. Let u be (-6)/y*(-3 + (-2)/(-4)). Let h(a) = -a**2 - 2*a - 1. Determine h(u).
-4
Let m(b) = -19*b - 11. Let a(h) = -7*h - 4. Let y(n) = -8*a(n) + 3*m(n). Give y(-4).
3
Let p(u) = 2*u + 0*u**3 + 0*u**2 + 2 - u**3 + u**2. Let g(t) = -t**3 - 28*t**2 - 64. Let s be g(-28). Let i = s + 62. Give p(i).
10
Let d(k) = k**2 - 7*k - 8. Let s be -1 + 1 + 0 + 2. Let l(v) = -v**s + v**2 + 15*v + 2*v**2 - 3*v**2 - 6. Let j be l(14). Determine d(j).
0
Let h = 15 - 13. Suppose 21 = 2*x + t, -7*x = -4*x + h*t - 34. Let d(v) = v**2 - 7*v - 7. Let q be d(x). Let z(a) = -7*a**3 - a**2. Calculate z(q).
-8
Let p be (-115)/(-69) - (1 - 8/6). Let k(v) = -2*v**3 + 5*v**2 + v**3 - 10*v**p + 13*v**2 + 10*v - 13. Give k(9).
-4
Suppose -80*i + 650 = 50*i. Let b(m) = m**3 - 7*m**2 + 12*m - 4. Determine b(i).
6
Let j(x) be the second derivative of 2*x**3/3 - 3*x**2 - 8*x - 20. Calculate j(8).
26
Let t be 8*(-5)/10*-1. Suppose -1 = -t*x + 5*x. Let i(d) = -9*d**3 - d**2 + 1. Determine i(x).
9
Let n(t) = 3 + 2 - 4 - 4*t + 5*t. Let q(o) = o**2 - 5*o - 2. Let s(d) = 6*n(d) + 2*q(d). What is s(2)?
2
Let i(m) be the first derivative of m**3/3 + 3*m**2/2 - 3. Let t be (-1886)/368 + (-1)/(-8). Determine i(t).
10
Let f be 28/(-12) + 2/(-3). Suppose -10 = -3*h + h. Let a(d) = -4*d + 8. Let j(q) = -7*q + 16. Let s(g) = f*j(g) + h*a(g). Calculate s(6).
-2
Suppose -3*c = -3*i - 21, i + 5*c = 2 - 21. Let n(l) = -l - 6. Give n(i).
3
Let n(k) = 11*k + 1. Let y(m) = 126*m + 15. Let z(j) = 12*n(j) - y(j). Give z(2).
9
Let g be 210/51 - 6/51. Let s(n) = 3*n**2 - g*n**2 + 34*n - 32*n + 3. What is s(-2)?
-5
Let u(g) = -1. Let h(a) = -a**2 - 5*a - 7. Let y(z) = -h(z) + 4*u(z). Let f be y(-3). Let d(s) be the second derivative of -s**3/2 + s**2/2 + s. Determine d(f).
10
Let t(x) = 3*x + 1. Let w(j) = 5 + 3 + 4*j - j - 4. Let z be w(2). Suppose 5*a = z + 5. Give t(a).
10
Let g(k) = 2*k**2 - 6*k + 6. Let q be (-19)/((-1710)/12) + 58/15. What is g(q)?
14
Let u(r) = 3*r**2 + r + 1. Let t be u(-2). Suppose -4*g + 9 + t = 0. Suppose g*w - 23 = -18. Let n(l) = 3*l**3 + l. What is n(w)?
4
Suppose -h + 4*d - 4 = 2*d, -5*h = -d + 38. Let w(b) = -b**3 - 8*b**2 + 2*b - 10. Calculate w(h).
-26
Suppose -19 - 8 = -3*p. Let v(t) = -34*t**2 + 33*t**2 + p*t - 2*t - 6. Calculate v(6).
0
Let r(m) be the third derivative of m**6/120 + 3*m**5/20 - 11*m**4/12 + 11*m**3/6 - 65*m**2. Give r(-11).
11
Suppose -5*f - 6 = -6*f. Let u(c) = -c**3 - 6*c**2 - 3 - f*c + 6*c**2 - 7*c**2. What is u(-6)?
-3
Suppose -4*a + 12 = -2*a. Suppose 0 = a*l - 62 + 14. Let w(p) = p**3 - 9*p**2 + 8*p - 6. Give w(l).
-6
Let f = -57 - -59. Let y(n) = 8 + 4*n**2 - 3*n**f + 4*n - 6. What is y(-4)?
2
Let i = -235 - -230. Let v(z) = -2*z - 7. What is v(i)?
3
Let b(j) = j + 2. Let c(m) = -2*m - 5. Let d(p) = -10*b(p) - 4*c(p). Let r be 4/70 - 330/(-350). What is d(r)?
-2
Let t(n) = -n**2 + 35*n - 67. Let q be t(33). Let j(x) = 13*x**2. Give j(q).
13
Let n(j) be the second derivative of j**4/24 + j**3/2 - 21*j**2/2 + 15*j. Let o(p) be the first derivative of n(p). Let r = -5 + 3. Give o(r).
1
Suppose -r - 4*n + 14 = 0, 2*n - 16 = -3*r - 4. Let d(s) = -s**3 + 2*s**3 + 2 - 2*s**3 + 5*s + 5*s**r. Calculate d(6).
-4
Let l(o) = 19283 + 2*o - 19283. What is l(3)?
6
Let t(z) = -2*z + 1. Let v be 46/(-10) + (-42)/30 + 1. Give t(v).
11
Let d(g) = g**3 + 6*g**2 - 4*g - 8. Let m be 1*(-4)/6 - (-22)/6. Suppose 2*s = -3*n - 18, -10 = -2*s + m*s + 2*n. Determine d(s).
16
Let q(r) = -5 - 5*r + 2*r + 8*r. Suppose -5*o - 5*a + 54 = 14, -o + 4*a = 7. Give q(o).
20
Let p = -76 - -78. Let u(w) = p*w**2 - 18*w - w**2 - 3 + 19*w. Determine u(-4).
9
Let w = -11 - -6. Let g be (1 - -2) + (w - -5). Let l(o) = o + 0*o + g - 15 + 0*o. Determine l(8).
-4
Let k(l) be the third derivative of -3*l**4/8 + l**3/3 - 476*l**2. What is k(1)?
-7
Let p(h) be the second derivative of -19*h + h**2 + 0 - 1/6*h**3. What is p(0)?
2
Let t(o) be the first derivative of -1 + 1/4*o**4 + o + 5/3*o**3 - 5/2*o**2. Let d = -10902 - -10896. Calculate t(d).
-5
Let q(a) be the third derivative of -a**6/120 - a**5/10 - a**3/6 - 3*a**2. Let m be -1*6/(-4) + 180/(-24). Calculate q(m).
-1
Let w(x) be the second derivative of -x**4/12 + 5*x**3/3 + 5*x**2 + 148*x. Calculate w(10).
10
Let k = -136 + 134. Let x(d) = d**2 - d - 4. What is x(k)?
2
Suppose 26*i + 12 = 32*i. Let o(k) = 5 - 3*k - 7*k + 4*k + i*k. What is o(-5)?
25
Suppose 3 = -2*i + 5. Let k be (2 - i)*-1 + -6. Let m be (12/7)/((-2)/k). Let s(w) = w**3 - 6*w**2 + 2*w - 4. Give s(m).
8
Let d(g) = -28*g**2 - 28*g**2 - 2*g + 3 + 58*g**2. Let m be 12/(-18) + (-22)/(-6). What is d(m)?
15
Let k(q) be the third derivative of 3*q**4/8 - q**3/3 - q**2 + 156. Calculate k(1).
7
Let i be (-5)/((-10)/4) - 2. Suppose 4*u - s = i, -2*u - 3*s = -0*s. Let y(m) be the first derivative of -m**4/4 - m**2/2 - 6. What is y(u)?
0
Suppose 0*w - 6 = -2*m - 2*w, 0 = -2*m - w + 1. Let r(i) = i**2 - 11*i + 12. Let f be r(10). Let u(t) = 2 - f*t + 0*t - t + 6*t. What is u(m)?
-4
Let f(j) = -2*j + 2 - 2*j + 2*j. Let w(b) = 2*b**2 + 33*b + 48. Let d be w(-15). What is f(d)?
-4
Suppose -4*r - 3*z = -r - 15, 3*z = 5*r - 1. Suppose r - 18 = -2*c. Let o(t) = t**2 - 9*t + 2. What is o(c)?
-6
Let a(m) be the first derivative of m**6/180 - m**5/120 - m**4/12 - 2*m**3/3 + 4. Let y(z) be the third derivative of a(z). Let x = 6 + -4. What is y(x)?
4
Let s(i) = i + 3. Let p = 277 + -282. Determine s(p).
-2
Let h(t) = -8*t + 202. Let m be h(24). Let w(u) = -u**3 + 9*u**2 + 9*u - 6. Give w(m).
-16
Let l(o) = o**2 + 2*o + 1. Let z(y) = -4*y**2 - 16*y - 9. Let x(r) = 5*l(r) + z(r). Let u be 3 + 1 - (1 + -1). Determine x(u).
-12
Let o(s) = 3*s**2 + 59 + 64 - 2*s**2 - 124 - 5*s. Suppose g = -d, -g - 3*g + d + 20 = 0. Suppose -2*r + g*r - 10 = 0, -r + 9 = h. What is o(h)?
-5
Let s be (15/(-5) + 16)/1. Let x = s - 7. Let o(p) = p**2 - 6*p - 8. Give o(x).
-8
Let h(m) = 11*m + 6. Let z(a) be the second derivative of -2*a**3/3 - a**2 - 13*a. Let g(y) = 3*h(y) + 8*z(y). What is g(6)?
8
Let h(c) = -3*c. Let y(r) = -r**3 - r**2 + 3*r - 4. Let i be y(-3). Suppose -2*o + 24 = -4*s, -2*s - s - i = 5*o. Give h(s).
15
Let l(m) = -m. Let p(g) = 14 + 67*g**2 - 13*g - 134*g**2 + 66*g**2. Let s(b) = 4*l(b) - p(b). Determine s(-10).
-4
Let c(h) be the second derivative of -h**4/24 + h**3/2 - 2*h**2 - 3*h. Let t(k) be the first derivative of c(k). Suppose -4*u + 3 = -17. Give t(u).
-2
Let l = -10 + 10. Suppose l = -u + 5*u. Let r(j) be the first derivative of -j**3/3 + 9*j + 28. Calculate r(u).
9
Suppose -33 - 25 = -2*k. Let v(b) = -28*b